7
Convert -30 (base 5) to base 13.
-12
-14 (base 9) to base 14
-d
c0 (base 15) to base 10
180
What is 5 (base 16) in base 6?
5
Convert 126 (base 10) to base 5.
1001
Convert -2 (base 12) to base 13.
-2
What is 4 (base 9) in base 15?
4
-110 (base 7) to base 12
-48
What is 302 (base 4) in base 10?
50
-118 (base 10) to base 3
-11101
What is 18 (base 9) in base 6?
25
What is 2 (base 4) in base 11?
2
-e (base 15) to base 14
-10
What is 3b (base 12) in base 6?
115
What is -10221 (base 3) in base 6?
-254
What is 3 (base 11) in base 5?
3
What is 3 (base 8) in base 3?
10
What is -2333 (base 5) in base 6?
-1331
13 (base 10) to base 16
d
Convert 2320 (base 5) to base 10.
335
What is -1000011 (base 2) in base 5?
-232
What is 10 (base 3) in base 4?
3
335 (base 10) to base 15
175
Convert 308 (base 10) to base 15.
158
-6 (base 11) to base 7
-6
-1020 (base 3) to base 2
-100001
What is -29 (base 15) in base 6?
-103
-32 (base 8) to base 15
-1b
Convert 4 (base 5) to base 11.
4
334 (base 6) to base 5
1010
Convert -76 (base 12) to base 13.
-6c
14 (base 8) to base 11
11
Convert -1c0 (base 13) to base 7.
-643
-8c (base 15) to base 13
-a2
49 (base 14) to base 5
230
What is 7 (base 8) in base 11?
7
47 (base 14) to base 3
2100
What is 3 (base 10) in base 13?
3
Convert -101 (base 4) to base 12.
-15
Convert 20 (base 3) to base 7.
6
Convert 10 (base 2) to base 15.
2
Convert 20 (base 15) to base 7.
42
What is -11 (base 7) in base 12?
-8
-30 (base 6) to base 15
-13
b (base 12) to base 2
1011
Convert 51 (base 6) to base 2.
11111
313 (base 4) to base 9
61
Convert 21 (base 8) to base 16.
11
-13 (base 4) to base 5
-12
What is 334 (base 6) in base 16?
82
Convert 4 (base 9) to base 14.
4
122 (base 4) to base 8
32
Convert 3 (base 6) to base 4.
3
What is -4 (base 11) in base 2?
-100
Convert -177 (base 11) to base 6.
-541
What is -5c (base 15) in base 10?
-87
Convert -254 (base 8) to base 7.
-334
Convert -5 (base 16) to base 5.
-10
What is -4 (base 10) in base 3?
-11
Convert 1 (base 12) to base 13.
1
3 (base 16) to base 14
3
What is 136 (base 11) in base 10?
160
Convert -2 (base 10) to base 9.
-2
Convert 2 (base 5) to base 10.
2
1c3 (base 14) to base 16
16f
-10110 (base 2) to base 15
-17
Convert -1 (base 15) to base 12.
-1
Convert -2 (base 16) to base 7.
-2
What is 1 (base 5) in base 7?
1
Convert -440 (base 9) to base 3.
-111100
-3 (base 12) to base 4
-3
Convert 10212 (base 3) to base 4.
1220
What is 2 (base 9) in base 11?
2
-35 (base 8) to base 15
-1e
Convert 1 (base 16) to base 15.
1
What is 1 (base 15) in base 6?
1
10000 (base 2) to base 9
17
What is -1 (base 15) in base 13?
-1
Convert -10 (base 2) to base 10.
-2
What is -21 (base 4) in base 3?
-100
What is c (base 15) in base 5?
22
Convert 1 (base 14) to base 11.
1
-1c (base 14) to base 4
-122
Convert 110 (base 8) to base 14.
52
What is -4f (base 16) in base 14?
-59
-2 (base 14) to base 6
-2
4 (base 8) to base 14
4
-2b (base 13) to base 2
-100101
-21 (base 8) to base 6
-25
-281 (base 12) to base 5
-3020
Convert -44 (base 8) to base 2.
-100100
Convert -10 (base 3) to base 8.
-3
-255 (base 7) to base 4
-2022
-110 (base 3) to base 13
-c
What is -5 (base 12) in base 15?
-5
0 (base 2) to base 11
0
What is -1 (base 13) in base 2?
-1
229 (base 10) to base 11
199
What is -10001 (base 3) in base 15?
-57
What is -403 (base 5) in base 16?
-67
What is -7 (base 16) in base 14?
-7
Convert -1 (base 7) to base 12.
-1
What is 1 (base 7) in base 16?
1
1110 (base 5) to base 12
10b
Convert 3 (base 6) to base 10.
3
Convert -67 (base 11) to base 2.
-1001001
Convert -1010 (base 2) to base 14.
-a
a0 (base 15) to base 9
176
What is -1011001 (base 2) in base 11?
-81
-1101 (base 3) to base 5
-122
What is 38 (base 11) in base 12?
35
129 (base 13) to base 8
314
181 (base 9) to base 6
414
What is 11 (base 10) in base 6?
15
Convert 8 (base 16) to base 6.
12
What is 1 (base 3) in base 12?
1
What is -5 (base 12) in base 6?
-5
Convert -2 (base 6) to base 4.
-2
152 (base 8) to base 4
1222
Convert -57 (base 14) to base 10.
-77
Convert -101100010 (base 2) to base 9.
-433
-71 (base 8) to base 15
-3c
What is 51 (base 9) in base 5?
141
Convert -134 (base 5) to base 10.
-44
What is 12 (base 3) in base 6?
5
What is -5 (base 7) in base 6?
-5
What is -2 (base 11) in base 15?
-2
14 (base 6) to base 7
13
-10 (base 14) to base 11
-13
Convert 55 (base 6) to base 2.
100011
Convert -312 (base 6) to base 7.
-224
Convert -14a (base 12) to base 8.
-312
Convert -13 (base 5) to base 10.
-8
-1011 (base 2) to base 14
-b
What is 114 (base 15) in base 4?
3310
Convert -1 (base 2) to base 10.
-1
Convert 2 (base 10) to base 9.
2
What is 5 (base 6) in base 8?
5
What is 11100 (base 2) in base 11?
26
37 (base 13) to base 12
3a
What is -11 (base 2) in base 8?
-3
What is -11000 (base 2) in base 11?
-22
What is -1 (base 10) in base 5?
-1
188 (base 9) to base 5
1121
Convert 10 (base 2) to base 14.
2
Convert -114 (base 10) to base 14.
-82
23 (base 7) to base 6
25
-121 (base 6) to base 3
-1211
16 (base 7) to base 8
15
-10 (base 9) to base 13
-9
-2 (base 15) to base 7
-2
-2 (base 4) to base 3
-2
2 (base 12) to base 2
10
10001 (base 2) to base 8
21
What is c (base 13) in base 2?
1100
Convert -47 (base 10) to base 16.
-2f
Convert 3 (base 12) to base 15.
3
What is 23 (base 9) in base 4?
111
What is -1 (base 14) in base 7?
-1
What is -23 (base 14) in base 15?
-21
Convert -27 (base 12) to base 10.
-31
Convert -1112 (base 4) to base 15.
-5b
0 (base 15) to base 11
0
What is -20 (base 9) in base 11?
-17
What is -22 (base 4) in base 2?
-1010
Convert -1 (base 8) to base 9.
-1
What is -26 (base 8) in base 12?
-1a
10 (base 4) to base 10
4
What is -25 (base 8) in base 16?
-15
22 (base 4) to base 16
a
What is -4 (base 10) in base 9?
-4
Convert 2d (base 14) to base 13.
32
Convert 2111 (base 3) to base 13.
52
13 (base 4) to base 7
10
221 (base 3) to base 2
11001
Convert 20 (base 3) to base 14.
6
What is 6 (base 16) in base 8?
6
What is -8 (base 14) in base 11?
-8
Convert 176 (base 9) to base 13.
b7
What is -7 (base 15) in base 5?
-12
Convert 0 (base 13) to base 3.
0
Convert -15 (base 10) to base 9.
-16
What is 6 (base 12) in base 16?
6
Convert 1 (base 4) to base 9.
1
Convert -1400 (base 5) to base 3.
-22100
What is -3 (base 9) in base 3?
-10
Convert 4 (base 16) to base 2.
100
What is 1001 (base 2) in base 14?
9
What is -1322 (base 4) in base 3?
-11112
Convert -14 (base 8) to base 13.
-c
What is -3 (base 6) in base 8?
-3
Convert 1212 (base 4) to base 2.
1100110
-b (base 13) to base 12
-b
What is 645 (base 7) in base 8?
507
-2 (base 3) to base 16
-2
Convert -16 (base 7) to base 5.
-23
Convert 1200 (base 3) to base 2.
101101
Convert 22 (base 4) to base 7.
13
What is -26 (base 10) in base 3?
-222
Convert 0 (base 2) to base 3.
0
Convert 116 (base 13) to base 3.
20222
What is 8 (base 9) in base 5?
13
What is -2b (base 14) in base 13?
-30
102 (base 4) to base 10
18
63 (base 15) to base 4
1131
54 (base 9) to base 11
45
What is 0 (base 15) in base 10?
0
Convert 10 (base 3) to base 16.
3
Convert -30 (base 5) to base 11.
-14
What is 0 (base 15) in base 2?
0
Convert 14 (base 13) to base 4.
101
What is 1 (base 15) in base 16?
1
-1 (base 8) to base 7
-1
Convert -104 (base 7) to base 2.
-110101
What is -1100 (base 2) in base 6?
-20
-1001 (base 2) to base 5
-14
What is 2 (base 5) in base 2?
10
What is -2a (base 16) in base 11?
-39
What is 10 (base 3) in base 2?
11
What is 22 (base 13) in base 6?
44
-2 (base 5) to base 9
-2
7 (base 16) to base 12
7
-3 (base 11) to base 13
-3
Convert -5a (base 13) to base 9.
-83
What is 3 (base 11) in base 10?
3
What is 4 (base 10) in base 16?
4
Convert -1a (base 11) to base 8.
-25
Convert 2 (base 12) to base 8.
2
Convert -3 (base 8) to base 2.
-11
What is -222 (base 4) in base 15?
-2c
What is 5 (base 6) in base 2?
101
What is a (base 14) in base 3?
101
-3 (base 10) to base 5
-3
Convert 4 (base 6) to base 11.
4
What is -47 (base 8) in base 9?
-43
Convert 1100 (base 2) to base 7.
15
Convert -5a (base 13) to base 16.
-4b
What is 1 (base 15) in base 13?
1
What is 21 (base 3) in base 4?
13
a (base 12) to base 13
a
203 (base 4) to base 11
32
3 (base 10) to base 4
3
What is -50 (base 9) in base 13?
-36
41 (base 8) to base 13
27
3 (base 7) to base 13
3
What is -9 (base 11) in base 8?
-11
Convert 7c (ba